7*c**4/24 - c**3/2 + 214*c**2 + 2. Calculate u(7).
46
Let h be 3*(4 + -3) + -3 + 0. Let g(k) = k**3 + k**2 + 4*k - 3. Let m(n) = n**3 + n**2 + 5*n - 4. Let i(y) = 4*g(y) - 3*m(y). Determine i(h).
0
Let f(k) = -k**2 + 21*k - 18. Let i(o) = -o + 11. Let y be i(-9). Let u be f(y). Let g(l) = -l**2 + 2*l**2 - 1 - 2*l - l**2 + 3*l**2. What is g(u)?
7
Let x(j) = -10*j + 6. Let k(c) = c - 2. Let s(w) = 3*k(w) + x(w). Calculate s(-1).
7
Let s(b) = -b**3 - 5*b**2 + b - 12. Let c(a) = -a**2 - 1. Let u(y) = 6*c(y) - s(y). Let z be u(0). Let i(w) = -w + z + w**2 - 7*w + w. Give i(6).
0
Let z be 112/10 - 4/20. Suppose 0 = -2*t + 1 - z. Let c(n) = 2*n + 1. Let k(d) = d + 1. Let b(q) = t*k(q) + 3*c(q). What is b(-4)?
-6
Suppose 3*y - 39 = 3*i, 4*y = -3*i - y - 15. Let d(w) = 2*w**3 + 19*w**2 - 10*w + 8. Calculate d(i).
8
Let p(v) be the third derivative of v**5/10 + v**3/6 - 9*v**2 + 2. Calculate p(1).
7
Suppose 34*n - 66*n = -160. Let a(q) be the second derivative of 1/2*q**2 + 0 - q**3 - n*q. Calculate a(-1).
7
Let f(k) = k**3 - 8*k**2 + 7*k - 9. Let a be (-8*(-7)/8)/1. Determine f(a).
-9
Let c(d) = 4*d**3 + 10*d**2 + d + 2. Let n(b) = 2*b**3 + 5*b**2 + 1. Let t(z) = 3*c(z) - 5*n(z). Determine t(-3).
-17
Let y(v) be the second derivative of -7*v**5/20 + v**4/12 - v**2/2 + 44*v. Suppose j + 1 = -3*j - 3*s, -j - 4*s + 3 = 0. Give y(j).
7
Suppose -16*f + 14*f + 16 = 0. Suppose 0 = 3*z - f + 2. Let d(b) = -2*b**3 + 3*b**2 - 1. Calculate d(z).
-5
Let r(n) = -n**3 + 5*n**2 + 4*n + 5. Let x be 69/(-2) - (-1)/2. Let t be 1*-9*x/51. Give r(t).
-7
Let m(j) = 4*j + 26. Let w be (-3)/18 - 70/12. Let f be m(w). Let k(a) = -6*a + 3. What is k(f)?
-9
Suppose -2*f = -4*f - 3*j + 8, -5*j - 12 = -3*f. Let c(z) = -z**2 + 5*z - 4. Let g be c(f). Suppose 0 = -g*d + d. Let b(x) = -x + 1. Give b(d).
1
Let d(k) be the third derivative of -k**5/60 + k**4/4 - k**3/3 - 4*k**2. Let q be 16/(-120) + (-2076)/(-45). Let t = -43 + q. Give d(t).
7
Let c(h) be the third derivative of 1/120*h**6 + 0*h + 7*h**2 + 0 + 1/4*h**4 - 5/6*h**3 + 7/60*h**5. Calculate c(-6).
-5
Let i be ((-18)/2)/((-3)/(-2)). Let a(x) = -2*x**2 - 16*x - 19. Let p be a(-6). Let b(d) = p*d + 22*d**2 - 45*d**2 + 24*d**2. Calculate b(i).
6
Let m(p) be the second derivative of p**5/20 - p**4/2 + 5*p**3/6 - p. Let q be -3 - (-48 - (-4)/1). Let w = -36 + q. Give m(w).
0
Let d(n) = -n + 1. Let b(q) = -q**3 - 5*q**2 - q - 2. Let s(m) = b(m) + d(m). Calculate s(-2).
-9
Let h be 222/(-4)*4/6. Let j = h - -37. Let x(p) = -p**2 - 7. What is x(j)?
-7
Let c(v) be the first derivative of -v**3/3 - 9*v**2/2 - 15*v - 103. Determine c(-5).
5
Let w(k) = -k**2 + k + 2. Let m be w(3). Let r be 1/(m/(-8)) + -8. Let s(g) = 2*g - 4*g + g - 11. Determine s(r).
-5
Let j be ((-2)/7 - (-12)/42)/2. Let a(b) be the second derivative of j - 1/3*b**3 - 1/12*b**4 + 2*b + 0*b**2. Calculate a(2).
-8
Let y be ((-8)/(-10))/(6/120). Let r = y + -11. Suppose r*p + 12 = -3. Let t(m) = -4*m - 1. What is t(p)?
11
Let f(o) = -o**2 + 13*o + 20. Let g be f(13). Suppose -2*j - 3*n = -7 - 9, -4*j = 3*n - g. Let s(t) = -4*t + 2. Determine s(j).
-6
Let v(f) be the first derivative of -f**3/3 - 17*f**2/2 + 18*f - 116. Give v(-18).
0
Suppose 16 = 4*r + 4. Let m(j) = 109*j - 6*j**2 - 219*j + 109*j - j**r - 4. Give m(-6).
2
Let x(c) = 3*c**2 + 4 - c**3 - 2 - 2*c + 3*c**2 - 2*c**2. Suppose -5*i - 2*r = 42 - 59, -5*i = -r - 14. Give x(i).
5
Let b = -3 - -19. Let p = -6 + 9. Suppose p*y + 10 = 2*i, 3*i - b = 4*y - 2. Let l(o) = o**2 + 2*o + 3. Determine l(y).
3
Let q(t) be the second derivative of t**5/60 - t**4/4 - 31*t**3/6 + 7*t. Let i(b) be the second derivative of q(b). Determine i(6).
6
Suppose l + 3 = 2. Let t be 19/4 - (-5)/20. Let n(c) = -2 - t*c + 4*c + 3*c + 3. Give n(l).
-1
Let q = 14 + -19. Let d(g) = g**3 + 6*g**2 + 2*g + 3. Determine d(q).
18
Let t(m) = -m**2 - m + 1. Let u(i) = -14*i**2 - 12*i + 10. Let r(x) = 10*t(x) - u(x). Suppose -5*j - 9 = 2*d, -2 = d + j + 7. Let h = 10 + d. Calculate r(h).
12
Let y(n) be the second derivative of 1/6*n**3 + 0 + 19*n - 7/2*n**2. Give y(6).
-1
Let c(n) = n**2 - 8*n - 7. Let b be c(9). Let d(l) = -1. Let w(t) = -t + 3. Let k(y) = b*d(y) + w(y). Let j = -264 - -258. What is k(j)?
7
Suppose -9 = -3*i + 6. Let x(p) = -3*p - 18. Let z(c) = c + 9. Let t(j) = i*z(j) + 2*x(j). Give t(7).
2
Let v(p) = p**3 + 7*p**2 - 8*p + 1. Let y be v(-8). Suppose -f - j = -0*f - 2, j + y = -4*f. Let a(z) = -4*z**2 - 2*z - 1. Give a(f).
-3
Let j be (-3)/(-4)*(-3 + (0 - 1)). Let s(k) = -k**3 - k**2 + 2*k - 3. Calculate s(j).
9
Suppose 0*c - 4*c + 4 = 0. Let s(a) = -4 + c - 6*a + 0 - a**2. Suppose 5*j = -u + 1 - 19, -3*j - 18 = -3*u. What is s(j)?
5
Let o(w) = 21*w + 12 - 9*w**2 + 23*w - 43*w + 3*w**2 - w**3. Give o(-6).
6
Let u(n) = -n**3 + 5*n**2 - 2*n - 4. Let o be (-38)/(-18) + 5/(-45). Suppose -5 + 13 = o*f. Determine u(f).
4
Let g = -996 + 993. Let k(o) = -3*o - 8. What is k(g)?
1
Let q(t) = -2*t**2 - 26*t + 3. Let u(g) = g**2 + 13*g - 2. Let d(v) = -6*q(v) - 11*u(v). Give d(-9).
-32
Let l(j) = -32*j - 155. Let n be l(-5). Let h(p) = -p**3 + 5*p**2 + 2*p - 2. Give h(n).
8
Let y(k) be the third derivative of 0*k**4 + 0*k + 1/60*k**5 - 12*k**2 + 0*k**3 + 0. Suppose -s + 0*s = 0. Give y(s).
0
Let d be 3/9 - 1/3. Let j(k) = -2*k - 4. Let w be j(-4). Suppose b - w*b - 12 = d. Let h(v) = v**2 + 8*v + 3. What is h(b)?
-13
Let r(h) = -h**3 + 2*h**2 - 3*h + 2. Suppose 0 = -d - 2, y + 1 = -11*d + 10*d. What is r(y)?
0
Let n(y) = -2*y + 42. Let g be n(30). Let o(z) = -z**2 - 15*z + 56. Determine o(g).
2
Let a(z) = -z**2 - 1. Let k(x) = -x + 11. Let f = 1 - -2. Let m be ((-52)/(-12))/(1/f). Let v be k(m). Determine a(v).
-5
Let t(p) be the first derivative of 3*p**2/2 + 10*p - 262. Give t(7).
31
Suppose -3*z = 2*n - 48 + 9, -4*z + 59 = 5*n. Let g(t) = 2*t**2 + 3*t - 4. Let r be g(-3). Suppose -14 - z = -r*x. Let f(d) = -d + 1. What is f(x)?
-4
Let y(v) = -v**3 - 2*v**2 + 3*v. Let r = -26 + 30. Let m be (-1 + 10*1)*1. Suppose -r*s - 3 = m. What is y(s)?
0
Let m(f) = -f**2 + 4*f + 1. Let c(k) = 2*k**2 - 8*k - 1. Let o(d) = -4*c(d) - 7*m(d). Let i = -643 - -647. Calculate o(i).
-3
Let w(o) = -2*o - 5. Let r be w(-4). Let p be 18/r*(1 + -2). Let x(t) be the third derivative of -t**5/60 - t**4/4 - t**3/6 - 5*t**2. Calculate x(p).
-1
Let z(g) be the first derivative of g**4/4 - 4*g**3/3 - g**2/2 - 3*g - 85. Determine z(5).
17
Let b(s) be the second derivative of -1/2*s**3 - 1/12*s**4 + 0 + 9*s + 0*s**2. Calculate b(-4).
-4
Let t = 1863 + -1879. Let q(g) = -g**3 - 15*g**2 + 16*g + 17. Calculate q(t).
17
Let v(s) be the first derivative of -s**4/4 - 4*s**3/3 - 5*s**2/2 + 3*s - 17. Give v(-4).
23
Let s = 9 - 9. Let a(y) be the third derivative of y**8/20160 + 7*y**6/720 - y**5/15 + 6*y**2. Let b(w) be the third derivative of a(w). Determine b(s).
7
Let s(d) = d**3 + 4*d**2 - 7*d - 7. Let m(c) be the second derivative of -c**3/2 - c**2 - 30*c. Let l be m(1). What is s(l)?
3
Suppose -195 = -21*h - 18*h. Let s(c) be the third derivative of -7/24*c**4 + 7/6*c**3 - 1/12*c**h + 0*c + 0 + 1/120*c**6 - 9*c**2. Determine s(6).
1
Let q(j) = j**2 - 2*j - 6. Let y(b) = b**2 + 8*b - 14. Let v be y(-10). Let x be (v - 3) + 5*-1. Let n be (-132)/(-28) - x/7. Determine q(n).
9
Let u be (-9)/15*(104/24 - 6). Let b(i) = 8*i**2 - 4*i + 2. Determine b(u).
6
Let z be 15/60 + 3 + (-52)/16. Let t(l) = -l**2 - 3. Give t(z).
-3
Let g(s) = 3*s**3 + 14*s**2 - 20*s + 9. Let k(n) = -5*n**3 - 16*n**2 + 19*n - 10. Let d(z) = 3*g(z) + 2*k(z). Give d(7).
0
Let p be (-68)/(-7) + 4/14 + 0. Let s(c) = c**3 - 9*c**2 - 11*c + 14. Give s(p).
4
Let j(w) = -29*w**3 + w**2 + 8*w + 1. Let r(f) = -63*f**3 + 3*f**2 + 17*f + 2. Let v(b) = -13*j(b) + 6*r(b). Let c be (-27)/(-6) - (-1)/(-2). Calculate v(c).
7
Let u(y) be the third derivative of -y**4/8 + y**3/6 - 96*y**2 - 2*y. Let z be -1 + 2*-1*-2. Give u(z).
-8
Let n = 18 + -10. Let h = n - 5. Let q(y) = y**h - 6*y + y - 2*y**3 + 2*y**3 + 4*y**2. Determine q(-5).
0
Let j(n) = -2*n**2 + 11*n + 3. Let a be j(4). Let z(g) = 6*g - a*g + 11*g**2 + 4 - 12*g**2 - 3. Determine z(-9).
1
Suppose 20 = -2*q - 4*l, -4*l + 12 = -4*q - 16. Let f(c) = c**2 + 7*c - 5. What is f(q)?
3
Let k(b) be the third derivative of -b**6/360 - b**5/30 + b**4/8 + 5*b**3/6 + 4*b**